{"id":4096,"date":"2019-04-15T09:08:17","date_gmt":"2019-04-15T07:08:17","guid":{"rendered":"https:\/\/greenproject.info\/wpg\/natsalmo\/?page_id=4096"},"modified":"2019-05-03T10:47:16","modified_gmt":"2019-05-03T08:47:16","slug":"azione-d-2","status":"publish","type":"page","link":"https:\/\/greenproject.info\/wpg\/natsalmo\/il-progetto\/d-monitoraggio-dellimpatto-delle-azioni-di-progetto\/azione-d-2\/","title":{"rendered":"AZIONE D.2"},"content":{"rendered":"<p>[vc_row][vc_column][vc_column_text]<\/p>\n<h2><strong>AZIONE D.2 &#8211; Valutazione dell&#8217;impatto socio-economico<\/strong><\/h2>\n<p>L&#8217;azione pianificher\u00e0 ed implementer\u00e0 un monitoraggio delle principali questioni socio-economiche dal momento che molte azioni del progetto comporteranno benefici economici per i partner locali e per i territori. Si prevede una valutazione socio-economica prima e durante le attivit\u00e0 di conservazione, sessioni volte all&#8217;identificazione delle categorie influenzate o meno dal progetto, interviste volte ad identificare\u00a0 la portata socio-economica dei risultati del progetto per le diverse categorie. Si valuter\u00e0 infine l&#8217;accettabilit\u00e0 sociale degli interventi sviluppando anche un modello di validazione della riproducibilit\u00e0 del progetto, su scala diversa.[\/vc_column_text][\/vc_column][\/vc_row]<\/p>\n<!-- AddThis Advanced Settings generic via filter on the_content --><!-- AddThis Share Buttons generic via filter on the_content -->","protected":false},"excerpt":{"rendered":"<p>[vc_row][vc_column][vc_column_text] AZIONE D.2 &#8211; Valutazione dell&#8217;impatto socio-economico L&#8217;azione pianificher\u00e0 ed implementer\u00e0 un monitoraggio delle principali questioni socio-economiche dal momento che molte azioni del progetto comporteranno benefici economici per i partner locali e per i territori. Si prevede una valutazione socio-economica prima e durante le attivit\u00e0 di conservazione, sessioni volte all&#8217;identificazione delle categorie influenzate o meno&#8230;<!-- AddThis Advanced Settings generic via filter on get_the_excerpt --><!-- AddThis Share Buttons generic via filter on get_the_excerpt --><\/p>\n","protected":false},"author":2,"featured_media":0,"parent":4090,"menu_order":0,"comment_status":"closed","ping_status":"closed","template":"","meta":[],"_links":{"self":[{"href":"https:\/\/greenproject.info\/wpg\/natsalmo\/wp-json\/wp\/v2\/pages\/4096"}],"collection":[{"href":"https:\/\/greenproject.info\/wpg\/natsalmo\/wp-json\/wp\/v2\/pages"}],"about":[{"href":"https:\/\/greenproject.info\/wpg\/natsalmo\/wp-json\/wp\/v2\/types\/page"}],"author":[{"embeddable":true,"href":"https:\/\/greenproject.info\/wpg\/natsalmo\/wp-json\/wp\/v2\/users\/2"}],"replies":[{"embeddable":true,"href":"https:\/\/greenproject.info\/wpg\/natsalmo\/wp-json\/wp\/v2\/comments?post=4096"}],"version-history":[{"count":3,"href":"https:\/\/greenproject.info\/wpg\/natsalmo\/wp-json\/wp\/v2\/pages\/4096\/revisions"}],"predecessor-version":[{"id":4199,"href":"https:\/\/greenproject.info\/wpg\/natsalmo\/wp-json\/wp\/v2\/pages\/4096\/revisions\/4199"}],"up":[{"embeddable":true,"href":"https:\/\/greenproject.info\/wpg\/natsalmo\/wp-json\/wp\/v2\/pages\/4090"}],"wp:attachment":[{"href":"https:\/\/greenproject.info\/wpg\/natsalmo\/wp-json\/wp\/v2\/media?parent=4096"}],"curies":[{"name":"wp","href":"https:\/\/api.w.org\/{rel}","templated":true}]}}