{"id":4056,"date":"2019-04-15T08:57:32","date_gmt":"2019-04-15T06:57:32","guid":{"rendered":"https:\/\/greenproject.info\/wpg\/natsalmo\/?page_id=4056"},"modified":"2019-05-03T10:50:24","modified_gmt":"2019-05-03T08:50:24","slug":"azione-a-2","status":"publish","type":"page","link":"https:\/\/greenproject.info\/wpg\/natsalmo\/il-progetto\/azioni-preparatorie-elaborazione-di-piani-di-gestione-e-o-piani-dazione\/azione-a-2\/","title":{"rendered":"AZIONE A.2"},"content":{"rendered":"<p>[vc_row][vc_column][vc_column_text]<\/p>\n<h2>AZIONE A.2 &#8211; Valutazione dell&#8217;idoneit\u00e0 dell&#8217;habitat della trota<\/h2>\n<p>Questa azione punta a valutare l&#8217;idoneit\u00e0 dell&#8217;habitat della trota analizzando le caratteristiche ambientali, confrontandole con quelle riportate in letteratura, identificando le possibili criticit\u00e0. Le caratteristiche ambientali includono la valutazione dei parametri chimico-fisici e microbiologici, l\u2019analisi del substrato e la determinazione della connettivit\u00e0 fluviale. Pertanto l&#8217;azione sar\u00e0 strutturata in tre sotto-azioni:<\/p>\n<ul>\n<li>A2.1 Valutazione dei parametri chimico-fisici e microbiologici<\/li>\n<li>A2.2 Valutazione della dimensione del substrato<\/li>\n<li>A2.3 Determinazione della connettivit\u00e0 fluviale<\/li>\n<\/ul>\n<p>L\u2019analisi di tutti questi fattori consentir\u00e0 una valutazione della vocazione dei fiumi ad ospitare popolazioni di trote native. Queste attivit\u00e0 sono essenziali per ottimizzare la conservazione della specie con le attivit\u00e0 pianificate in A5. Infatti, \u00e8 noto che la scarsa qualit\u00e0 dell&#8217;acqua, un errato substrato o una connettivit\u00e0 fluviale ridotta possono sia limitare il raggiungimento dei siti di riproduzione sia la fertilit\u00e0 e il tasso di schiusa, in quanto uova, larve e primi stadi sono particolarmente sensibili a questi fattori.[\/vc_column_text][\/vc_column][\/vc_row]<\/p>\n<!-- AddThis Advanced Settings generic via filter on the_content --><!-- AddThis Share Buttons generic via filter on the_content -->","protected":false},"excerpt":{"rendered":"<p>[vc_row][vc_column][vc_column_text] AZIONE A.2 &#8211; Valutazione dell&#8217;idoneit\u00e0 dell&#8217;habitat della trota Questa azione punta a valutare l&#8217;idoneit\u00e0 dell&#8217;habitat della trota analizzando le caratteristiche ambientali, confrontandole con quelle riportate in letteratura, identificando le possibili criticit\u00e0. Le caratteristiche ambientali includono la valutazione dei parametri chimico-fisici e microbiologici, l\u2019analisi del substrato e la determinazione della connettivit\u00e0 fluviale. Pertanto l&#8217;azione sar\u00e0&#8230;<!-- AddThis Advanced Settings generic via filter on get_the_excerpt --><!-- AddThis Share Buttons generic via filter on get_the_excerpt --><\/p>\n","protected":false},"author":2,"featured_media":0,"parent":4053,"menu_order":0,"comment_status":"closed","ping_status":"closed","template":"","meta":[],"_links":{"self":[{"href":"https:\/\/greenproject.info\/wpg\/natsalmo\/wp-json\/wp\/v2\/pages\/4056"}],"collection":[{"href":"https:\/\/greenproject.info\/wpg\/natsalmo\/wp-json\/wp\/v2\/pages"}],"about":[{"href":"https:\/\/greenproject.info\/wpg\/natsalmo\/wp-json\/wp\/v2\/types\/page"}],"author":[{"embeddable":true,"href":"https:\/\/greenproject.info\/wpg\/natsalmo\/wp-json\/wp\/v2\/users\/2"}],"replies":[{"embeddable":true,"href":"https:\/\/greenproject.info\/wpg\/natsalmo\/wp-json\/wp\/v2\/comments?post=4056"}],"version-history":[{"count":3,"href":"https:\/\/greenproject.info\/wpg\/natsalmo\/wp-json\/wp\/v2\/pages\/4056\/revisions"}],"predecessor-version":[{"id":4206,"href":"https:\/\/greenproject.info\/wpg\/natsalmo\/wp-json\/wp\/v2\/pages\/4056\/revisions\/4206"}],"up":[{"embeddable":true,"href":"https:\/\/greenproject.info\/wpg\/natsalmo\/wp-json\/wp\/v2\/pages\/4053"}],"wp:attachment":[{"href":"https:\/\/greenproject.info\/wpg\/natsalmo\/wp-json\/wp\/v2\/media?parent=4056"}],"curies":[{"name":"wp","href":"https:\/\/api.w.org\/{rel}","templated":true}]}}