{"id":11,"date":"2018-11-07T17:39:12","date_gmt":"2018-11-07T16:39:12","guid":{"rendered":"https:\/\/greenproject.info\/wpg\/natsalmo\/privacy-policy\/"},"modified":"2022-11-03T17:23:38","modified_gmt":"2022-11-03T16:23:38","slug":"privacy-policy","status":"publish","type":"page","link":"https:\/\/greenproject.info\/wpg\/natsalmo\/privacy-policy\/","title":{"rendered":"Privacy Policy"},"content":{"rendered":"<p><strong>Informativa sul trattamento dei dati personali ai sensi degli art. 13 e 14 del Regolamento UE 679\/2016<\/strong><\/p>\n<p>&nbsp;<\/p>\n<p>Con la presente La informiamo che, ai sensi degli art. 13 e 14 del Regolamento UE 679\/2016 (di seguito \u2018GDPR\u2019), i Suoi dati a noi conferiti attraverso l\u2019utilizzo del sito web <strong><em>www.greenproject.info\/wpg\/natsalmo <\/em><\/strong>(di seguito, anche solo \u201cSito\u201d) saranno trattati come segue, nel rispetto dei principi di correttezza, liceit\u00e0, trasparenza e di tutela della Sua riservatezza e dei Suoi diritti. La presente informativa fornisce all\u2019utente (interessato al trattamento) ogni ulteriore informazione necessaria ad assicurare un trattamento corretto e trasparente, in relazione al contesto specifico in cui i dati personali sono raccolti e successivamente trattati.<\/p>\n<p>La presente informativa e\u0300 resa solo per il Sito e i sottodomini ad esso correlati e non anche per i siti web di terze parti accessibili tramite eventuali collegamenti ipertestuali (link) contenuti nel Sito, di cui il Titolare del trattamento non e\u0300 in alcun modo responsabile. Per tali trattamenti dovr\u00e0 essere fornita, da parte dei rispettivi titolari, autonoma informativa.<\/p>\n<p>&nbsp;<\/p>\n<table>\n<tbody>\n<tr>\n<td width=\"121\"><strong>\u00a0<\/strong><\/p>\n<p><strong>\u00a0<\/strong><\/p>\n<p><strong>\u00a0<\/strong><\/p>\n<p><strong>Titolare del Trattamento<\/strong><\/td>\n<td colspan=\"3\" width=\"568\"><em>Legambiente Nazionale APS <\/em>(P.IVA 02143941009), nella persona del suo legale rappresentante pro tempore<\/p>\n<p>Indirizzo: Via Salaria n.403- 00199 Roma (ROMA)<\/p>\n<p>Tel.: +39 06 862681<\/p>\n<p>E-mail alla quale pu\u00f2 inviare qualsiasi tipo di richiesta: <a href=\"mailto:privacy@legambiente.it\">privacy@legambiente.it<\/a><\/td>\n<\/tr>\n<tr>\n<td width=\"121\"><strong>Responsabile Protezione dei Dati (RPD)<\/strong><\/td>\n<td colspan=\"3\" width=\"568\">Legambiente nazionale APS ha provveduto alla designazione di un Responsabile per la protezione dei dati (RPD) ai sensi degli artt. 37 e seguenti del Regolamento UE 2016\/679 (RGDP), che \u00e8 possibile contattare al seguente indirizzo di posta elettronica: <a href=\"mailto:dpo@legambiente.it\">dpo@legambiente.it<\/a>.<\/p>\n<p>&nbsp;<\/td>\n<\/tr>\n<tr>\n<td colspan=\"2\" width=\"229\"><strong>Finalit\u00e0 del trattamento<\/strong><\/td>\n<td width=\"229\"><strong>Base giuridica del trattamento \u00a0e obbligatoriet\u00e0 di conferimento dei dati<\/strong><\/td>\n<td width=\"229\">&nbsp;<\/p>\n<p><strong>Periodo di conservazione<\/strong><\/td>\n<\/tr>\n<tr>\n<td colspan=\"2\" width=\"229\">1.\u00a0\u00a0\u00a0\u00a0 Monitorare il funzionamento tecnico e le prestazioni del sito.<\/td>\n<td width=\"229\">Legittimo interesse del titolare del trattamento (art.6, paragrafo 1, lettera f) del GDPR).<\/td>\n<td rowspan=\"2\" width=\"229\">Si fa riferimento alla <u>Cookie Policy<\/u><\/td>\n<\/tr>\n<tr>\n<td colspan=\"2\" width=\"229\">2.\u00a0\u00a0\u00a0\u00a0 Acquisire dati relativi alla navigazione (cookies) disattivabili dalle impostazioni del browser (numero di visitatori per fascia oraria o giornaliera, pagine pi\u00f9 visitate, ecc.).<\/td>\n<td width=\"229\">Si fa riferimento alla <u>Cookie Policy <\/u><\/td>\n<\/tr>\n<tr>\n<td colspan=\"2\" width=\"229\">3.\u00a0\u00a0\u00a0\u00a0 Rispondere alle richieste pervenute mediante i contatti presenti sul sito e\/o tramite il form alla pagina \u201ccontatti\u201d.<\/p>\n<p>&nbsp;<\/td>\n<td width=\"229\">Esecuzione di un contratto di cui l\u2019interessato \u00e8 parte o all\u2019esecuzione di misure precontrattuali adottate su richiesta dell\u2019interessato (art.6, paragrafo 1, lettera b) del GDPR).<\/p>\n<p>&nbsp;<\/p>\n<p>Il conferimento dei dati \u00e8 obbligatorio in riferimento a tali finalit\u00e0, qualora venga negato ci\u00f2 comporta l\u2019impossibilit\u00e0 di rispondere alle sue comunicazioni.<\/td>\n<td width=\"229\">Fino al tempo necessario a dare riscontro alle richieste pervenute su iniziativa dell\u2019utente.<\/td>\n<\/tr>\n<tr>\n<td width=\"121\"><strong>Categorie dei dati <\/strong><\/p>\n<p><strong>\u00a0<\/strong><\/p>\n<p><strong>\u00a0<\/strong><\/p>\n<p><strong>\u00a0<\/strong><\/p>\n<p><strong>\u00a0<\/strong><\/p>\n<p><strong>\u00a0<\/strong><\/p>\n<p><strong>\u00a0<\/strong><\/p>\n<p><strong>\u00a0<\/strong><\/p>\n<p><strong>\u00a0<\/strong><\/p>\n<p><strong>\u00a0<\/strong><\/p>\n<p><strong>\u00a0<\/strong><\/p>\n<p><strong>\u00a0<\/strong><\/p>\n<p><strong>\u00a0<\/strong><\/p>\n<p><strong>\u00a0<\/strong><\/p>\n<p><strong>\u00a0<\/strong><\/p>\n<p><strong>\u00a0<\/strong><\/p>\n<p><strong>\u00a0<\/strong><\/p>\n<p><strong>\u00a0<\/strong><\/p>\n<p><strong>\u00a0<\/strong><\/p>\n<p><strong>\u00a0<\/strong><\/p>\n<p><strong>\u00a0<\/strong><\/p>\n<p><strong>\u00a0<\/strong><\/p>\n<p><strong>\u00a0<\/strong><\/p>\n<p><strong>\u00a0<\/strong><\/p>\n<p><strong>\u00a0<\/strong><\/p>\n<p><strong>\u00a0<\/strong><\/p>\n<p><strong>\u00a0<\/strong><\/p>\n<p><strong>\u00a0<\/strong><\/p>\n<p><strong>\u00a0<\/strong><\/p>\n<p><strong>\u00a0<\/strong><\/p>\n<p><strong>Modalit\u00e0 del trattamento<\/strong><\/p>\n<p><strong>\u00a0<\/strong><\/td>\n<td colspan=\"3\" width=\"568\">I dati trattati possono essere:<\/p>\n<p>a) <em>Dati di navigazione<\/em><\/p>\n<p>I dati di navigazione, raccolti con modalit\u00e0\u0300 automatiche, esclusivamente al fine di ottenere informazioni statistiche aggregate e rese anonime relative all\u2019uso del Sito (tra cui, a titolo esemplificativo, indirizzi IP, orari di navigazione, dati geografici e altri parametri relativi al sistema operativo e all\u2019ambiente informatico dell\u2019utente); tali informazioni potrebbero tuttavia, anche attraverso elaborazioni e\/o associazioni con altri dati, detenuti dal provider o da terzi, consentire di risalire all\u2019identit\u00e0\u0300 dell\u2019utente, nonch\u00e9 essere utilizzati per l\u2019accertamento di eventuali responsabilit\u00e0 in caso di ipotetici reati informatici ai danni del sito o, comunque, connessi alla navigazione su eventuali link.<\/p>\n<p><em>b) Cookies<\/em><\/p>\n<p>Il presente sito utilizza cookies o marcatori, che tecnicamente sono pacchetti di informazioni inviate da un web server (in questo caso, dal presente sito) al browser dell\u2019utente e da quest\u2019ultimo memorizzati sul proprio dispositivo (personal computer, tablet, cellulare, ecc.) e rinviati automaticamente al server ad ogni successivo accesso al sito. Per conoscere tipologia e finalit\u00e0 dei cookie utilizzati \u00e8 possibile consultare l\u2019apposita <u>Cookie Policy<\/u> presente sul sito.<\/p>\n<p>&nbsp;<\/p>\n<p>c) <em>Plugin Social Network<\/em><\/p>\n<p>Il presente sito incorpora anche plugin e\/o bottoni per i social network, al fine di consentire una facile condivisione dei contenuti. Tali plugin sono programmati in modo da non impostare alcun cookie all&#8217;accesso della pagina, per salvaguardare la privacy degli utenti. Eventualmente i cookie vengono impostati, se cos\u00ec previsto dai social network, solo quando l&#8217;utente fa effettivo e volontario uso del plugin. Si tenga presente che se l&#8217;utente naviga essendo loggato nel social network allora ha gi\u00e0 acconsentito all&#8217;uso dei cookie veicolati tramite questo sito al momento dell&#8217;iscrizione al social network.<\/p>\n<p>&nbsp;<\/p>\n<p>La raccolta e l&#8217;uso delle informazioni ottenute a mezzo del plugin sono regolati dalle rispettive informative privacy dei social network, alle quali si prega di fare riferimento.<\/p>\n<p>d) <em>Dati forniti volontariamente dagli utenti\/visitatori<\/em><\/p>\n<p>Qualora decider\u00e0 di inviare messaggi ai dati di contatto presenti sul sito e\/o tramite il form alla pagina \u201ccontatti\u201d, il Titolare tratter\u00e0 tali dati solo per rispondere alle sue richieste<\/p>\n<p>&nbsp;<\/p>\n<p>Il trattamento sar\u00e0\u0300 effettuato mediante strumenti informatici, anche a mezzo di soggetti a ci\u00f2\u0300 autorizzati, che operano sotto la diretta autorit\u00e0\u0300 e secondo le istruzioni impartite dal Titolare, con logiche strettamente correlate alle finalit\u00e0\u0300 indicate e, comunque, in modo da garantire la sicurezza e la riservatezza dei dati trattati.<\/p>\n<p>&nbsp;<\/p>\n<p>Le operazioni di trattamento sono svolte in modo da garantire la sicurezza dei dati e dei sistemi. Sono adottate specifiche misure di sicurezza al fine di ridurre al minimo i rischi di distruzione o di perdita, anche accidentale, dei dati stessi, di accesso non autorizzato, di trattamento non consentito o non conforme rispetto alle finalit\u00e0\u0300 indicate nella presente informativa. In particolare, il Sito utilizza il protocollo HTTPS per l\u2019autenticazione del server e la cifratura del canale di comunicazione. Le misure di sicurezza adottate, tuttavia, non consentono di escludere in via assoluta i rischi di intercettazione o compromissione dei dati personali trasmessi con strumenti telematici. Si raccomanda, pertanto, di verificare che il dispositivo in uso all\u2019utente sia dotato di sistemi software adeguati per la protezione della trasmissione telematica di dati, sia in entrata, che in uscita (come, ad esempio, sistemi antivirus aggiornati, firewall e filtri antispam).<\/td>\n<\/tr>\n<tr>\n<td width=\"121\"><strong>Destinatari<\/strong><\/p>\n<p>&nbsp;<\/p>\n<p>&nbsp;<\/p>\n<p>&nbsp;<\/td>\n<td colspan=\"3\" width=\"568\">Oltre al Titolare potrebbero avere accesso ai Dati altri soggetti coinvolti nell\u2019organizzazione (personale incaricato) ovvero soggetti esterni (hosting provider, altri fornitori di servizi tecnici terzi) nominati anche, se necessario, Responsabili del Trattamento da parte del Titolare. L\u2019elenco aggiornato dei Responsabili potr\u00e0 sempre essere richiesto al Titolare del Trattamento.<\/p>\n<p>Resta salva l\u2019eventuale comunicazione dei dati su richiesta dell\u2019Autorit\u00e0\u0300 giudiziaria o di pubblica sicurezza, nei modi e nei casi previsti dalla legge.<\/td>\n<\/tr>\n<tr>\n<td width=\"121\"><strong>Diffusione<\/strong><\/p>\n<p><strong>\u00a0<\/strong><\/p>\n<p><strong>\u00a0<\/strong><\/td>\n<td colspan=\"3\" width=\"568\">In alcun caso i dati personali saranno comunicati, diffusi, ceduti o comunque trasferiti a terzi per scopi illeciti e, comunque, senza rendere idonea informativa agli Interessati e acquisirne il consenso, ove richiesto dalla legge.<\/td>\n<\/tr>\n<tr>\n<td width=\"121\"><strong>Trasferimento dati all\u2019estero<\/strong><\/p>\n<p><strong>\u00a0<\/strong><\/p>\n<p><strong>\u00a0<\/strong><\/td>\n<td colspan=\"3\" width=\"568\">Il trasferimento dei Suoi dati in paesi al di fuori dello Spazio Economico Europeo (SEE) avviene da parte di fornitori di servizi terzi cloud di cui Legambiente si avvale per la gestione delle proprie attivit\u00e0. In tal caso, i dati personali non saranno trasferiti verso Paesi o Organizzazioni internazionali non appartenenti all\u2019Unione Europea che non garantiscono un livello di protezione adeguato, riconosciuto, ai sensi dell\u2019art. 45 GDPR, sulla base di una decisione di adeguatezza della Commissione UE. Nel caso in cui si renda necessario per l\u2019erogazione dei servizi del Sito, il trasferimento dei dati personali verso Paesi o Organizzazioni internazionali extra UE, per cui la Commissione non abbia adottato alcuna decisione di adeguatezza ai sensi dell\u2019art. 45 GDPR, avr\u00e0\u0300 luogo solo in presenza di garanzie adeguate fornite dal Paese o dall\u2019Organizzazione destinatari, ai sensi dell\u2019art. 46 GDPR e a condizione che gli interessati dispongano di diritti azionabili e mezzi di ricorso effettivi. In mancanza di una decisione di adeguatezza della Commissione, ai sensi dell\u2019art. 45 GDPR, o di garanzie adeguate, ai sensi dell\u2019art. 46 GDPR, comprese le norme vincolanti d\u2019impresa, il trasferimento transfrontaliero avr\u00e0\u0300 luogo soltanto se si verifica una delle condizioni indicate all\u2019art. 49 GDPR.<\/td>\n<\/tr>\n<tr>\n<td width=\"121\"><strong>Diritti<\/strong><\/p>\n<p><strong>\u00a0<\/strong><\/p>\n<p><strong>\u00a0<\/strong><\/td>\n<td colspan=\"3\" width=\"568\">Il GDPR riconosce all\u2019interessato diversi diritti, che pu\u00f2 esercitare contattando il Titolare ai recapiti indicati nella presente informativa, purch\u00e9 ne ricorrano i presupposti di volta in volta previsti dalla normativa:<\/p>\n<p><strong>accedere ai propri Dati:<\/strong> ha diritto ad ottenere informazioni sui Dati trattati dal Titolare, su determinati aspetti del trattamento ed a ricevere una copia dei Dati trattati.<\/p>\n<p><strong>verificare e chiedere la rettificazione:<\/strong> pu\u00f2 verificare la correttezza dei propri Dati e richiederne l\u2019aggiornamento o la correzione.<\/p>\n<p><strong>ottenere la cancellazione o rimozione dei propri Dati Personali:<\/strong> quando ricorrono determinate condizioni, Lei pu\u00f2 richiedere la cancellazione dei propri Dati da parte del Titolare.<\/p>\n<p><strong>revocare il consenso in ogni momento<\/strong>: pu\u00f2 revocare il consenso al trattamento dei propri Dati Personali precedentemente espresso.<\/p>\n<p><strong>opporsi al trattamento dei propri Dati<\/strong>: pu\u00f2 opporsi al trattamento dei propri Dati quando esso avviene su una base giuridica diversa dal consenso.<\/p>\n<p><strong>ottenere la limitazione del trattamento:<\/strong> quando ricorrono determinate condizioni, Lei pu\u00f2 richiedere la limitazione del trattamento dei propri Dati.<\/p>\n<p><strong>ottenere la portabilit\u00e0 dei dati:<\/strong> ha diritto di ricevere i propri Dati in formato strutturato, di uso comune e leggibile da dispositivo automatico e, ove tecnicamente fattibile, di ottenerne il trasferimento senza ostacoli ad un altro titolare. Questa disposizione \u00e8 applicabile quando i Dati sono trattati con strumenti automatizzati ed il trattamento \u00e8 basato sul consenso, su un contratto di cui Lei \u00e8 parte o su misure contrattuali ad esso connesse.<\/p>\n<p><strong>proporre reclamo:<\/strong> pu\u00f2 proporre un reclamo all\u2019autorit\u00e0 di controllo della protezione dei dati personali competente o agire in sede giudiziale.<\/p>\n<p>&nbsp;<\/p>\n<p><strong>\u00a0<\/strong><\/p>\n<p><strong>\u00a0<\/strong><\/p>\n<p><strong>\u00a0<\/strong><\/p>\n<p><strong>\u00a0<\/strong><\/p>\n<p><strong>Come esercitare i diritti<\/strong><\/p>\n<p>Per esercitare i Suoi diritti, pu\u00f2 indirizzare una richiesta agli estremi di contatto del Titolare indicati in questo documento. Le richieste sono depositate a titolo gratuito ed evase dal Titolare nel pi\u00f9 breve tempo possibile, in ogni caso entro un mese.<\/p>\n<p>L\u2019Interessato puo\u0300 avvalersi, per l\u2019esercizio dei suoi diritti, di organismi, organizzazioni o associazioni senza scopo di lucro, i cui obiettivi statutari siano di pubblico interesse e che siano attivi nel settore della protezione dei diritti e delle liberta\u0300 degli Interessati con riguardo alla protezione dei dati personali, conferendo, a tal fine, idoneo mandato. L\u2019Interessato puo\u0300, altresi\u0300, farsi assistere da una persona di fiducia.<\/p>\n<p>Per conoscere i propri diritti, proporre un reclamo\/segnalazione\/ricorso ed essere sempre aggiornato sulla normativa in materia di tutela delle persone rispetto al trattamento dei dati personali, l\u2019Interessato puo\u0300 rivolgersi all\u2019Autorita\u0300 Garante per la protezione dei dati personali, consultando il sito web all\u2019indirizzo <a href=\"http:\/\/www.garanteprivacy.it\/\">http:\/\/www.garanteprivacy.it\/<\/a>.<\/p>\n<p>&nbsp;<\/td>\n<\/tr>\n<tr>\n<td width=\"154\"><\/td>\n<td width=\"109\"><\/td>\n<td width=\"229\"><\/td>\n<td width=\"229\"><\/td>\n<\/tr>\n<\/tbody>\n<\/table>\n<p>&nbsp;<\/p>\n<p>&nbsp;<\/p>\n<p>&nbsp;<\/p>\n<p>&nbsp;<\/p>\n<p>&nbsp;<\/p>\n<!-- AddThis Advanced Settings generic via filter on the_content --><!-- AddThis Share Buttons generic via filter on the_content -->","protected":false},"excerpt":{"rendered":"<p>Informativa sul trattamento dei dati personali ai sensi degli art. 13 e 14 del Regolamento UE 679\/2016 &nbsp; Con la presente La informiamo che, ai sensi degli art. 13 e 14 del Regolamento UE 679\/2016 (di seguito \u2018GDPR\u2019), i Suoi dati a noi conferiti attraverso l\u2019utilizzo del sito web www.greenproject.info\/wpg\/natsalmo (di seguito, anche solo \u201cSito\u201d)&#8230;<!-- AddThis Advanced Settings generic via filter on get_the_excerpt --><!-- AddThis Share Buttons generic via filter on get_the_excerpt --><\/p>\n","protected":false},"author":2,"featured_media":0,"parent":0,"menu_order":0,"comment_status":"closed","ping_status":"closed","template":"","meta":[],"_links":{"self":[{"href":"https:\/\/greenproject.info\/wpg\/natsalmo\/wp-json\/wp\/v2\/pages\/11"}],"collection":[{"href":"https:\/\/greenproject.info\/wpg\/natsalmo\/wp-json\/wp\/v2\/pages"}],"about":[{"href":"https:\/\/greenproject.info\/wpg\/natsalmo\/wp-json\/wp\/v2\/types\/page"}],"author":[{"embeddable":true,"href":"https:\/\/greenproject.info\/wpg\/natsalmo\/wp-json\/wp\/v2\/users\/2"}],"replies":[{"embeddable":true,"href":"https:\/\/greenproject.info\/wpg\/natsalmo\/wp-json\/wp\/v2\/comments?post=11"}],"version-history":[{"count":5,"href":"https:\/\/greenproject.info\/wpg\/natsalmo\/wp-json\/wp\/v2\/pages\/11\/revisions"}],"predecessor-version":[{"id":6408,"href":"https:\/\/greenproject.info\/wpg\/natsalmo\/wp-json\/wp\/v2\/pages\/11\/revisions\/6408"}],"wp:attachment":[{"href":"https:\/\/greenproject.info\/wpg\/natsalmo\/wp-json\/wp\/v2\/media?parent=11"}],"curies":[{"name":"wp","href":"https:\/\/api.w.org\/{rel}","templated":true}]}}